{"id":503,"date":"2018-07-09T21:49:30","date_gmt":"2018-07-09T21:49:30","guid":{"rendered":"http:\/\/chuladafilms.com\/?page_id=503"},"modified":"2025-08-28T22:46:14","modified_gmt":"2025-08-28T22:46:14","slug":"isis-ahumada","status":"publish","type":"page","link":"https:\/\/chuladafilms.com\/?page_id=503","title":{"rendered":"Isis Ahumada"},"content":{"rendered":"<p><img loading=\"lazy\" decoding=\"async\" width=\"378\" height=\"378\" src=\"https:\/\/chuladafilms.com\/wp-content\/uploads\/2018\/07\/Isis-Ahumada.jpg\" alt=\"\" srcset=\"https:\/\/chuladafilms.com\/wp-content\/uploads\/2018\/07\/Isis-Ahumada.jpg 378w, https:\/\/chuladafilms.com\/wp-content\/uploads\/2018\/07\/Isis-Ahumada-150x150.jpg 150w, https:\/\/chuladafilms.com\/wp-content\/uploads\/2018\/07\/Isis-Ahumada-300x300.jpg 300w, https:\/\/chuladafilms.com\/wp-content\/uploads\/2018\/07\/Isis-Ahumada-230x230.jpg 230w, https:\/\/chuladafilms.com\/wp-content\/uploads\/2018\/07\/Isis-Ahumada-350x350.jpg 350w\" sizes=\"auto, 100vw\" \/>\t\t\t\t\t\t\t\t\t\t\t\t\t\t\t<\/p>\n<h2>Isis Ahumada Monroy<\/h2>\n<p style=\"text-align: justify;\">Isis Ahumada es una cineasta colimota, licenciada en Comunicaci\u00f3n por la <strong>Universidad de Colima<\/strong>. En su natal ha desarrollado por 10 a\u00f1os la experiencia de dirigir y producir cine, realizando numerosos\u00a0cortometrajes documentales y de ficci\u00f3n, entre los que destacan: \u201c<strong><em>Tecuani, hombre jaguar<\/em><\/strong>\u201d, nominado a los\u00a0<strong>Premios Ariel<\/strong> en 2018, \u201c<em><strong>Dicen que yo no lo s\u00e9<\/strong><\/em>\u201d, ganador del reto <strong>Docs Zanate<\/strong> en 2015. \u201c<em><strong>Existimos en el\u00a0<\/strong><\/em><em><strong>Silencio<\/strong><\/em>\u201d, premiado con menci\u00f3n honor\u00edfica en el <strong>Shorts Film M\u00e9xico<\/strong> en 2019. A finales del a\u00f1o 2020\u00a0produjo \u201c<em><strong>Subterr\u00e1nea<\/strong><\/em>\u201d ganador del fondo para Cortometrajes Regionales del <strong>IMCINE<\/strong>.<\/p>\n<p style=\"text-align: justify;\">Su opera prima documental \u201c<em><strong>Mi no lugar<\/strong><\/em>\u201d, se estren\u00f3 en el <strong>Festival Internacional de Cine de Morelia<\/strong>. Y\u00a0form\u00f3 parte de la muestra de <strong>AMBULANTE<\/strong> 2023. Gan\u00f3 como mejor documental antropol\u00f3gico en el\u00a0<strong>Festival de Cine Antropol\u00f3gico<\/strong> del <strong>INAH<\/strong> en 2023 y form\u00f3 parte de festivales nacionales e internacionales.\u00a0Ganador del <strong>WIP<\/strong> del <strong>Vancouver Film Festival<\/strong> 2020.<\/p>\n<p style=\"text-align: justify;\">En 2021 inicia la producci\u00f3n de \u00ab<em><strong>Valentina o la serenidad<\/strong><\/em>\u00ab, largometraje de ficci\u00f3n de la directora \u00c1ngeles\u00a0Cruz, filmado en 2022 en la Mixteca Oaxaque\u00f1a y que obtuvo su estreno mundial en el <strong>TIFF<\/strong> 2023, en\u00a0M\u00e9xico se estreno en el <strong>FICM<\/strong>, para iniciar este a\u00f1o una ruta de exhibici\u00f3n comercial y cultural.<\/p>\n<p style=\"text-align: justify;\">A finales del 2022 obtuvo el <strong>PECDA<\/strong> con trayectoria art\u00edstica para realizar un proyecto de fotograf\u00eda fija\u00a0titulado: \u201c<em><strong>Arde la danza<\/strong><\/em>\u201d, mismo que se encuentra en etapa de desarrollo para un largometraje\u00a0documental.<\/p>\n<p style=\"text-align: justify;\">Tiene un fuerte inter\u00e9s por la exhibici\u00f3n y la formaci\u00f3n cinematogr\u00e1fica independiente, actividades que\u00a0ejerce desde la colectiva <strong>CinellasNo<\/strong> en Colima. Donde han realizado muestras de cine, talleres y\u00a0producciones cinematogr\u00e1ficas con perspectiva de g\u00e9nero y enfoque feminista.<\/p>\n<p style=\"text-align: justify;\">Frecuentemente imparte talleres de producci\u00f3n y de realizaci\u00f3n documental.<\/p>\n","protected":false},"excerpt":{"rendered":"<p>Isis Ahumada Monroy Isis Ahumada es una cineasta colimota, licenciada en Comunicaci\u00f3n por la Universidad de Colima. En su natal ha desarrollado por 10 a\u00f1os la experiencia de dirigir y &hellip; <\/p>\n<p class=\"link-more\"><a href=\"https:\/\/chuladafilms.com\/?page_id=503\" class=\"more-link\">Leer m\u00e1s<span class=\"screen-reader-text\"> \u00abIsis Ahumada\u00bb<\/span><\/a><\/p>\n","protected":false},"author":1,"featured_media":0,"parent":0,"menu_order":0,"comment_status":"closed","ping_status":"closed","template":"","meta":{"footnotes":""},"class_list":["post-503","page","type-page","status-publish","hentry"],"_links":{"self":[{"href":"https:\/\/chuladafilms.com\/index.php?rest_route=\/wp\/v2\/pages\/503","targetHints":{"allow":["GET"]}}],"collection":[{"href":"https:\/\/chuladafilms.com\/index.php?rest_route=\/wp\/v2\/pages"}],"about":[{"href":"https:\/\/chuladafilms.com\/index.php?rest_route=\/wp\/v2\/types\/page"}],"author":[{"embeddable":true,"href":"https:\/\/chuladafilms.com\/index.php?rest_route=\/wp\/v2\/users\/1"}],"replies":[{"embeddable":true,"href":"https:\/\/chuladafilms.com\/index.php?rest_route=%2Fwp%2Fv2%2Fcomments&post=503"}],"version-history":[{"count":33,"href":"https:\/\/chuladafilms.com\/index.php?rest_route=\/wp\/v2\/pages\/503\/revisions"}],"predecessor-version":[{"id":4286,"href":"https:\/\/chuladafilms.com\/index.php?rest_route=\/wp\/v2\/pages\/503\/revisions\/4286"}],"wp:attachment":[{"href":"https:\/\/chuladafilms.com\/index.php?rest_route=%2Fwp%2Fv2%2Fmedia&parent=503"}],"curies":[{"name":"wp","href":"https:\/\/api.w.org\/{rel}","templated":true}]}}