{"id":4260,"date":"2025-08-28T23:29:38","date_gmt":"2025-08-28T23:29:38","guid":{"rendered":"https:\/\/chuladafilms.com\/?page_id=4260"},"modified":"2025-08-31T07:18:02","modified_gmt":"2025-08-31T07:18:02","slug":"viviana-zuniga","status":"publish","type":"page","link":"https:\/\/chuladafilms.com\/?page_id=4260","title":{"rendered":"Viviana Z\u00fa\u00f1iga"},"content":{"rendered":"<p><img loading=\"lazy\" decoding=\"async\" width=\"656\" height=\"747\" src=\"https:\/\/chuladafilms.com\/wp-content\/uploads\/2025\/08\/VIVIWEB.png\" alt=\"\" srcset=\"https:\/\/chuladafilms.com\/wp-content\/uploads\/2025\/08\/VIVIWEB.png 656w, https:\/\/chuladafilms.com\/wp-content\/uploads\/2025\/08\/VIVIWEB-263x300.png 263w\" sizes=\"auto, 100vw\" \/>\t\t\t\t\t\t\t\t\t\t\t\t\t\t\t<\/p>\n<h2>Viviana Z\u00fa\u00f1iga Rojas<\/h2>\n<p id=\"m_-1755346594224449160docs-internal-guid-40521237-7fff-9d3d-ebcc-d7790d824a37\" dir=\"ltr\" style=\"text-align: justify;\">Viviana Z\u00fa\u00f1iga Rojas (Veracruz, M\u00e9xico, 1989) es directora, productora creativa, m\u00fasica y docente. Estudi\u00f3 Ciencias de la Comunicaci\u00f3n en la Universidad Crist\u00f3bal Col\u00f3n y es Licenciada en Cine Digital y Postproducci\u00f3n por el SAE Institute M\u00e9xico. Su obra, que abarca el cine documental, el videoarte y la m\u00fasica tradicional, explora la identidad, los rituales, el cuerpo, el sincretismo religioso y la resistencia cultural desde una mirada feminista y comunitaria. Ha participado en festivales internacionales como el FICM, Sheffield Doc\/Fest, Berlinale y Raindance con proyectos como Estamos, que es ganancia, Luz de las Libres y la serie Mujeres frente a la pandemia. Fue productora en l\u00ednea de El Eco (Tatiana Huezo), premiado con el Oso de Plata en Berlinale 2023, y actualmente desarrolla su \u00f3pera prima Bravas, seleccionada en EURODOC24, Plataforma DocsMx y el Taller de Ibermedia en La Habana.<\/p>\n<p dir=\"ltr\" style=\"text-align: justify;\">En 2025 represent\u00f3 su trabajo en el European Film Market de la Berlinale, el DOK.fest M\u00fcnchen y en Cannes Docs dentro del March\u00e9 du Film del Festival de Cannes como parte de la delegaci\u00f3n BIPOC EURODOC. Fue becaria PECDA Veracruz 2023 con el proyecto transmedia Yerbabruja, participante del DOK Exchange XR 2024 y seleccionada para la beca SSP: Latam (Skoll Foundation). Ese mismo a\u00f1o fue parte de Talents Guadalajara 2025. Es embajadora de Videoconsortium y profesora en la Escuela Veracruzana de Cine Luis Bu\u00f1uel en Xalapa, donde impulsa la descentralizaci\u00f3n del cine. Adem\u00e1s, es m\u00fasica de Son Jarocho con el grupo Son de Luna, integrando su pr\u00e1ctica art\u00edstica con las ra\u00edces culturales de su territorio.<\/p>\n","protected":false},"excerpt":{"rendered":"<p>Viviana Z\u00fa\u00f1iga Rojas Viviana Z\u00fa\u00f1iga Rojas (Veracruz, M\u00e9xico, 1989) es directora, productora creativa, m\u00fasica y docente. Estudi\u00f3 Ciencias de la Comunicaci\u00f3n en la Universidad Crist\u00f3bal Col\u00f3n y es Licenciada en &hellip; <\/p>\n<p class=\"link-more\"><a href=\"https:\/\/chuladafilms.com\/?page_id=4260\" class=\"more-link\">Leer m\u00e1s<span class=\"screen-reader-text\"> \u00abViviana Z\u00fa\u00f1iga\u00bb<\/span><\/a><\/p>\n","protected":false},"author":1,"featured_media":0,"parent":0,"menu_order":0,"comment_status":"closed","ping_status":"closed","template":"","meta":{"footnotes":""},"class_list":["post-4260","page","type-page","status-publish","hentry"],"_links":{"self":[{"href":"https:\/\/chuladafilms.com\/index.php?rest_route=\/wp\/v2\/pages\/4260","targetHints":{"allow":["GET"]}}],"collection":[{"href":"https:\/\/chuladafilms.com\/index.php?rest_route=\/wp\/v2\/pages"}],"about":[{"href":"https:\/\/chuladafilms.com\/index.php?rest_route=\/wp\/v2\/types\/page"}],"author":[{"embeddable":true,"href":"https:\/\/chuladafilms.com\/index.php?rest_route=\/wp\/v2\/users\/1"}],"replies":[{"embeddable":true,"href":"https:\/\/chuladafilms.com\/index.php?rest_route=%2Fwp%2Fv2%2Fcomments&post=4260"}],"version-history":[{"count":25,"href":"https:\/\/chuladafilms.com\/index.php?rest_route=\/wp\/v2\/pages\/4260\/revisions"}],"predecessor-version":[{"id":4340,"href":"https:\/\/chuladafilms.com\/index.php?rest_route=\/wp\/v2\/pages\/4260\/revisions\/4340"}],"wp:attachment":[{"href":"https:\/\/chuladafilms.com\/index.php?rest_route=%2Fwp%2Fv2%2Fmedia&parent=4260"}],"curies":[{"name":"wp","href":"https:\/\/api.w.org\/{rel}","templated":true}]}}